{"id":6451,"date":"2015-03-25T17:36:41","date_gmt":"2015-03-25T16:36:41","guid":{"rendered":"http:\/\/www.lisabaur.com\/berlin\/?page_id=6451"},"modified":"2016-07-27T14:04:13","modified_gmt":"2016-07-27T12:04:13","slug":"make-shift-beirat","status":"publish","type":"page","link":"https:\/\/makecity.berlin\/2015\/make-shift-beirat\/","title":{"rendered":"MAKE_SHIFT"},"content":{"rendered":"<h5 style=\"margin-top: 0px;\"><b>Francesca Ferguson<\/b> &#8211; Gr\u00fcnderin und CEO<\/h5>\n<p>Francesca (Urban Drift Projects) ist Kuratorin f\u00fcr Architektur und Stadtthemen. Sie hat Ausstellungen, neue Dialogformate zwischen Architekten und das Publikum, transdisziplin\u00e4re Projekte und Veranstaltungen realisiert. Sie war Kommissarin des deutschen Pavillons auf der Architekturbiennale in Venedig 2004 und leitete das schweizerische Architekturmuseum von 2006-2009.<\/p>\n<p>&nbsp;<\/p>\n<h4>INHALTLICHER BEIRAT<\/h4>\n<h5><b>Kristin Feireiss<\/b> &#8211; Architecture Forum Aedes<\/h5>\n<p>Kristin Feireiss ist die Gr\u00fcnderin und Direktorin des Architecture Forum Aedes, einer der etabliertesten Architekturgalerien weltweit und eine der erfolgreichsten Institutionen f\u00fcr die Vermittlung von Architektur und Design.<\/p>\n<h5><b>J\u00fcrgen Mayer H., J. MAYER H. und Partner<\/b> &#8211; Architekten<\/h5>\n<p>J. Mayer H. arbeitet mit seinem B\u00fcro an der Schnittstelle von Architektur, Kommunikationsdesign und Neuen Technologien. Bei der Produktion von Raumspielt der Einsatz interaktiver Medien und responsiver Materialien eine zentrale Rolle. Mayer erhielt mehrere renommierte Auszeichnungen und ist mit Projekten in verschiedenen namenhaften Sammlungen vertreten.<\/p>\n<h5><b>Gabriele Horn<\/b> &#8211; Berlin Biennale f\u00fcr zeitgen\u00f6ssische Kunst<\/h5>\n<p>Gabriele Horn leitete von 2004 bis 2016 die KW Institute for Contemporary Art, eine der wichtigsten Institutionen f\u00fcr zeitgen\u00f6ssische Kunst in Berlin, und die Berlin Biennale f\u00fcr zeitgen\u00f6ssische Kunst. Seit 2016 ist sie Direktorin der Berlin Biennale f\u00fcr zeitgen\u00f6ssische Kunst und vertritt einen interdisziplin\u00e4ren Kunstbegriff, bis weit hinein in den Stadtraum.<\/p>\n<h5><b>Christine Edmaier<\/b> &#8211; Architektenkammer Berlin<\/h5>\n<p>Christine Edmaier ist Architektin und Expertin auf dem Gebiet der Stadtentwicklung in Berlin. Sie ist seit 2013 Pr\u00e4sidentin der Berliner Architektenkammer und hat ein B\u00fcro f\u00fcr Architektur und St\u00e4dtebau in Berlin.<\/p>\n<h5><b>Professor Rainer W Ernst<\/b> &#8211; Architekt<\/h5>\n<p>Rainer Ernst ist Architekt, ehemaliger Rektor der Kunsthochschule Weissensee, sowie ehemaliger Pr\u00e4sident der Muthesius Kunsthochschule Kiel.<\/p>\n<p>&nbsp;<\/p>\n<h4>HAUSHALTSBEIRAT<\/h4>\n<h5><b>Thomas Herr<\/b> &#8211; CEO, Valteq<\/h5>\n<p>Thomas ist Architekt und Ingenieur und seit 2012 Gesch\u00e4ftsf\u00fchrer und Partner der VALTEQ GmbH, zu der sich THProjektmanagement GmbH, makon GmbH &amp; Co. KG, sowie die Global Assessment GmbH zusammenschlossen. Zudem lehrt er als Gastdozent an der EBS European Business School Oestrich-Winkel.<\/p>\n<h5><b>Matthias Mai<\/b> &#8211; mai public relations GmbH<\/h5>\n<p>Matthias Mai ist Gesch\u00e4ftsf\u00fchrer der international agierenden PR-Agentur mit Sitz in Berlin. mai public relations vertritt Firmen und Marken in Architektur, in der Baubranche und im Designbereich.<\/p>\n<h5><b>Andreas Kr\u00fcger<\/b> &#8211; CEO Belius Foundation<\/h5>\n<p>Andreas Kr\u00fcger ist Experte f\u00fcr sinnhafte, vertr\u00e4gliche Stadtraumgestaltung und eine \u2018kluge Wirtschaft\u2019. Er ist Co-Moderator des Runden Tisches f\u00fcr Liegenschaftspolitik im Abgeordnetenhaus Berlin, Mitglied des Cross Innovation Boards des Landes Berlin und Mitglied des IHK Ausschusses Creative Industries.<\/p>\n","protected":false},"excerpt":{"rendered":"<p class=\"excerpt\">Francesca Ferguson &#8211; Gr\u00fcnderin und CEO Francesca (Urban Drift Projects) ist Kuratorin f\u00fcr Architektur und [&hellip;]<\/p>\n","protected":false},"author":14,"featured_media":0,"parent":0,"menu_order":0,"comment_status":"closed","ping_status":"closed","template":"","meta":{"_acf_changed":false,"footnotes":""},"class_list":["post-6451","page","type-page","status-publish","hentry"],"acf":[],"_links":{"self":[{"href":"https:\/\/makecity.berlin\/2015\/wp-json\/wp\/v2\/pages\/6451"}],"collection":[{"href":"https:\/\/makecity.berlin\/2015\/wp-json\/wp\/v2\/pages"}],"about":[{"href":"https:\/\/makecity.berlin\/2015\/wp-json\/wp\/v2\/types\/page"}],"author":[{"embeddable":true,"href":"https:\/\/makecity.berlin\/2015\/wp-json\/wp\/v2\/users\/14"}],"replies":[{"embeddable":true,"href":"https:\/\/makecity.berlin\/2015\/wp-json\/wp\/v2\/comments?post=6451"}],"version-history":[{"count":33,"href":"https:\/\/makecity.berlin\/2015\/wp-json\/wp\/v2\/pages\/6451\/revisions"}],"predecessor-version":[{"id":16450,"href":"https:\/\/makecity.berlin\/2015\/wp-json\/wp\/v2\/pages\/6451\/revisions\/16450"}],"wp:attachment":[{"href":"https:\/\/makecity.berlin\/2015\/wp-json\/wp\/v2\/media?parent=6451"}],"curies":[{"name":"wp","href":"https:\/\/api.w.org\/{rel}","templated":true}]}}